409 a composite number?
True
Is 68969 prime?
False
Is 508405 a prime number?
False
Is 883471 a prime number?
True
Is 18527 a composite number?
True
Is 40805 a composite number?
True
Is 365383 composite?
True
Is 29771 a composite number?
True
Is 23719 prime?
True
Is 23861 a composite number?
True
Is 204485 a composite number?
True
Is 581137 a composite number?
False
Is 2078309 a composite number?
False
Is 17011 a composite number?
False
Is 12622 prime?
False
Is 3747 a composite number?
True
Is 5435 a composite number?
True
Is 3797 prime?
True
Is 40907 a prime number?
False
Is 122251 prime?
True
Is 114151 a prime number?
False
Is 803 prime?
False
Is 1890677 prime?
True
Is 13747 a prime number?
False
Is 218885 composite?
True
Is 191 prime?
True
Is 2489271 a prime number?
False
Is 5755 a composite number?
True
Is 1292937 a composite number?
True
Is 17693 a composite number?
True
Is 94079 a composite number?
False
Is 4542277 a prime number?
True
Is 130363 composite?
False
Is 259 a prime number?
False
Is 148881 prime?
False
Is 10331 a prime number?
True
Is 9211 a composite number?
True
Is 3254749 a prime number?
True
Is 13829 composite?
False
Is 2863 a prime number?
False
Is 165653 composite?
False
Is 79229 prime?
True
Is 7561 composite?
False
Is 635 composite?
True
Is 38993 composite?
False
Is 161 a composite number?
True
Is 47977 prime?
True
Is 6227 a composite number?
True
Is 8258 a prime number?
False
Is 10057 a composite number?
True
Is 23489 prime?
False
Is 333377 a composite number?
True
Is 226093 a prime number?
False
Is 43937 prime?
False
Is 2831 composite?
True
Is 29647 a prime number?
False
Is 104243 a composite number?
False
Is 78005 a prime number?
False
Is 44291 a prime number?
False
Is 301669 prime?
True
Is 537535 a composite number?
True
Is 6389 composite?
False
Is 25733 prime?
True
Is 7079 prime?
True
Is 14909 a composite number?
True
Is 672097 a composite number?
False
Is 13973 a composite number?
True
Is 7067 prime?
False
Is 114734 prime?
False
Is 20369 a prime number?
True
Is 33329 composite?
False
Is 101999 a composite number?
False
Is 240257 a prime number?
True
Is 13429 prime?
False
Is 18779 composite?
True
Is 53659 a prime number?
False
Is 118129 a composite number?
True
Is 13274 prime?
False
Is 32467 composite?
False
Is 48385 a composite number?
True
Is 11281 a prime number?
False
Is 736357 a composite number?
False
Is 324113 a prime number?
True
Is 27463 a prime number?
False
Is 70469 a composite number?
True
Is 207169 prime?
True
Is 95383 a prime number?
True
Is 1541 composite?
True
Is 8567 composite?
True
Is 53749 a composite number?
True
Is 7669 prime?
True
Is 236689 composite?
True
Is 923309 prime?
True
Is 170477 composite?
True
Is 2159 composite?
True
Is 26947 a composite number?
False
Is 2927 a composite number?
False
Is 48791 a composite number?
True
Is 53569 composite?
False
Is 36213 a composite number?
True
Is 62189 a prime number?
True
Is 29929 prime?
False
Is 3003295 a composite number?
True
Is 3271 a composite number?
False
Is 1029801 a composite number?
True
Is 1176769 composite?
True
Is 893 composite?
True
Is 5683 a prime number?
True
Is 7537 composite?
False
Is 916387 prime?
True
Is 12607 prime?
False
Is 79493 a prime number?
True
Is 120977 a composite number?
False
Is 120473 a composite number?
False
Is 39421 a prime number?
False
Is 1251319 composite?
True
Is 609853 a prime number?
False
Is 143947 composite?
False
Is 8247 a composite number?
True
Is 3026285 a prime number?
False
Is 22583 composite?
True
Is 35729 prime?
True
Is 2179 a composite number?
False
Is 395069 a composite number?
False
Is 128447 prime?
False
Is 14143 a composite number?
False
Is 1696445 prime?
False
Is 8123 composite?
False
Is 150874 a composite number?
True
Is 9383 a prime number?
False
Is 123559 prime?
False
Is 39499 a prime number?
True
Is 11717 prime?
True
Is 591 a prime number?
False
Is 75479 prime?
True
Is 277454 prime?
False
Is 2777 prime?
True
Is 4391 a composite number?
False
Is 196799 composite?
False
Is 253034 prime?
False
Is 94337 a prime number?
False
Is 11789 a prime number?
True
Is 927559 composite?
True
Is 831337 a composite number?
True
Is 748009 a composite number?
True
Is 19919 composite?
False
Is 72374 composite?
True
Is 31069 a composite number?
False
Is 9179 a prime number?
False
Is 236701 prime?
True
Is 1613471 prime?
True
Is 57367 a prime number?
True
Is 751 prime?
True
Is 4618 a prime number?
False
Is 425379 a prime number?
False
Is 40771 composite?
False
Is 2238473 a prime number?
True
Is 3863 a composite number?
False
Is 979 prime?
False
Is 9031 prime?
False
Is 12777 composite?
True
Is 2437 a composite number?
False
Is 207469 prime?
True
Is 5731 a composite number?
True
Is 5707 a prime number?
False
Is 3797 composite?
False
Is 478087 a prime number?
True
Is 38105 composite?
True
Is 1943 a composite number?
True
Is 47939 composite?
False
Is 5147 prime?
True
Is 53881 a composite number?
False
Is 244087 prime?
True
Is 11213 a composite number?
False
Is 240361 composite?
True
Is 74819 composite?
True
Is 1451 prime?
True
Is 13099 a composite number?
False
Is 29411 a composite number?
False
Is 55307 prime?
False
Is 17647 a prime number?
False
Is 11463 a prime number?
False
Is 239815 a prime number?
False
Is 31219 a prime number?
True
Is 10306 a prime number?
False
Is 56333 a composite number?
False
Is 433571 prime?
True
Is 2410927 composite?
False
Is 153727 prime?
False
Is 94769 composite?
True
Is 2839271 composite?
False
Is 68711 a composite number?
False
Is 49499 prime?
True
Is 38489 prime?
False
Is 2081 composite?
False
Is 45449 a composite number?
True
Is 242713 prime?
True
Is 2638 prime?
False
Is 44833 a composite number?
True
Is 168847 a prime number?
False
Is 96953 a composite number?
False
Is 541 prime?
True
Is 980795 prime?
False
Is 105967 a composite number?
False
Is 35151 a prime number?
False
Is 252511 a prime number?
False
Is 37831 a prime number?
True
Is 105517 composite?
False
Is 2503 prime?
True
Is 609437 composite?
False
Is 149063 a composite number?
True
Is 317159 composite?
False
Is 85773 prime?
False
Is 97261 composite?
True
Is 462801 composite?
True
Is 207287 a composite number?
False
Is 74471 composite?
False
Is 66281 a prime number?
False
Is 1895665 a composite number?
True
Is 170741 a prime number?
True
Is 1901 composite?
False
Is 28199 composite?
True
Is 327737 prime?
True
Is 123397 a prime number?
True
Is 3107 a composite number?
True
Is 2309 a prime number?
True
Is 10453 composite?
False
Is 103141 a prime number?
True
Is 37039 a composite number?
False
Is 155191 a prime number?
True
Is 1612693 a composite number?
False
Is 961703 composite?
False
Is 24083 a prime number?
True
Is 10705807 a prime number?
False
Is 10942 prime?
False
Is 1161289 a prime number?
True
Is 23917 a composite number?
False
Is 4713 prime?
False
Is 173021 prime?
True
Is 21209 a composite number?
True
Is 54217 composite?
False
Is 37667 a composite number?
True
Is 24139 composite?
True
Is 46129 composite?
True
Is 301267 a composite number?
False
Is 424381 composite?
True
Is 268439 a composite number?
False
Is 987205 a composite number?
True
Is 2411 prime?
True
Is 19535 prime?
False
Is 458531 a prime number?
True
Is 541 a composite number?
False
Is 104905 prime?
False
Is 728017 composite?
False
Is 12187 composite?
True
Is 1361 prime?
True
Is 8899 composite?
True
Is 605842 prime?
False
Is 44809 a prime number?
True
Is 3067 composite?
False
Is 16049 prime?
False
Is 823337 a composite number?
False
Is 71594 a composite number?
True
Is 4078 prime?
False
Is 23423 a composite number?
True
Is 141371 a composite number?
False
Is 7421 a prime number?
False
Is 258249 a composite number?
True
Is 37865 a prime number?
False
Is 32141 a composite number?
False
Is 75307 prime?
True
Is 851197 prime?
True
Is 429991 a composite number?
False
Is 558001 composite?
True
Is 98493 a prime number?
False
Is 120453 prime?
False
Is 390046 prime?
False
Is 45349 prime?
False
Is 316847 a composite number?
False
Is 3563 composite?
True
Is 877 composite?
False
Is 87755 prime?
False
Is 152557 prime?
False
Is 13714 a prime number?
False
Is 51767 composite?
False
Is 34939 composite?
False
Is 24763 a composite number?
False
Is 415913 a composite num